{"id":227,"date":"2024-10-28T14:43:05","date_gmt":"2024-10-28T13:43:05","guid":{"rendered":"https:\/\/pz8.pozytywneinicjatywy.pl\/?page_id=227"},"modified":"2024-10-28T14:45:13","modified_gmt":"2024-10-28T13:45:13","slug":"aktywnie-w-zlobku","status":"publish","type":"page","link":"https:\/\/pz8.pozytywneinicjatywy.pl\/index.php\/aktywnie-w-zlobku\/","title":{"rendered":"Aktywnie w \u017c\u0142obku"},"content":{"rendered":"\n<p><\/p>\n\n\n\n<div class=\"wp-block-media-text is-stacked-on-mobile\"><figure class=\"wp-block-media-text__media\"><img loading=\"lazy\" decoding=\"async\" width=\"1024\" height=\"552\" src=\"https:\/\/pz8.pozytywneinicjatywy.pl\/wp-content\/uploads\/2024\/10\/67d30061-fbd8-4976-8c66-9dd7e8c456b2-1024x552-1.png\" alt=\"\" class=\"wp-image-219 size-full\" srcset=\"https:\/\/pz8.pozytywneinicjatywy.pl\/wp-content\/uploads\/2024\/10\/67d30061-fbd8-4976-8c66-9dd7e8c456b2-1024x552-1.png 1024w, https:\/\/pz8.pozytywneinicjatywy.pl\/wp-content\/uploads\/2024\/10\/67d30061-fbd8-4976-8c66-9dd7e8c456b2-1024x552-1-300x162.png 300w, https:\/\/pz8.pozytywneinicjatywy.pl\/wp-content\/uploads\/2024\/10\/67d30061-fbd8-4976-8c66-9dd7e8c456b2-1024x552-1-768x414.png 768w\" sizes=\"auto, (max-width: 1024px) 100vw, 1024px\" \/><\/figure><div class=\"wp-block-media-text__content\">\n<p class=\"has-text-align-center\"><strong>USTAWA z dnia 15 maja 2024 r. o wspieraniu rodzic\u00f3w w aktywno\u015bci zawodowej oraz w wychowaniu dziecka \u2013 \u201eAktywny rodzic\u201d<\/strong><br><a href=\"https:\/\/pz4.pozytywneinicjatywy.pl\/wp-content\/uploads\/2024\/10\/Ustawa-o-wspieraniu-rodzicow-w-aktywnosci-zawodowej-oraz-wychowaniu-dziecka-Aktywny-rodzic.pdf\">POBIERZ<\/a><\/p>\n<\/div><\/div>\n\n\n\n<p>Szanowni Rodzice, w zwi\u0105zku ze \u015bwiadczeniem \u201eAktywnie w \u017c\u0142obku\u201d poni\u017cej informacje dotycz\u0105ce nowego \u015bwiadczenia oraz zaktualizowane druki dokument\u00f3w do wype\u0142nienia kt\u00f3re nale\u017cy z\u0142o\u017cy\u0107 w sekretariacie \u017c\u0142obka.<\/p>\n\n\n\n<ol class=\"wp-block-list\">\n<li>Na stronie ZUS znajduj\u0105 si\u0119 informacje dotycz\u0105ce nowego \u015bwiadczenia \u201eAktywnie w \u017c\u0142obku\u201d.&nbsp;Link do strony:&nbsp;<a href=\"https:\/\/www.zus.pl\/aktywnyrodzic\/wiadczenie-aktywnie-w-zlobku\">https:\/\/www.zus.pl\/aktywnyrodzic\/wiadczenie-aktywnie-w-zlobku<\/a>&nbsp;S\u0105 tam zawarte najwa\u017cniejsze informacje komu przys\u0142uguje \u015bwiadczenie, jaka jest jego wysoko\u015b\u0107 i warunki otrzymania.<\/li>\n\n\n\n<li>Wnioski do ZUS o \u015bwiadczenie \u201eAktywnie w \u017c\u0142obku\u201d mo\u017cna ju\u017c sk\u0142ada\u0107 (od 1 pa\u017adziernika 2024 r.), wy\u0142\u0105cznie drog\u0105 elektroniczn\u0105.<\/li>\n\n\n\n<li>Dla nowych rodzic\u00f3w \u2013 wniosek mo\u017cna z\u0142o\u017cy\u0107 najwcze\u015bniej w dniu, w kt\u00f3rym dziecko zacznie ucz\u0119szcza\u0107 do \u017c\u0142obka.<\/li>\n\n\n\n<li>Istniej\u0105 cztery kana\u0142y przez kt\u00f3re rodzice mog\u0105 sk\u0142ada\u0107 wnioski: PUE ZUS,&nbsp;aplikacja mobilna mZUS, bankowo\u015b\u0107 elektroniczna, portal Emp@tia.<\/li>\n\n\n\n<li>\u015awiadczenie&nbsp;\u201eAktywnie w \u017c\u0142obku\u201d zast\u0105pi\u0142o dotychczas funkcjonuj\u0105ce&nbsp;dofinansowanie obni\u017cenia op\u0142aty za&nbsp;pobyt dziecka w \u017c\u0142obku 400 +&nbsp;<\/li>\n\n\n\n<li>\u015awiadczenie \u201eAktywnie w \u017c\u0142obku\u201d jest kierowane do rodzic\u00f3w dzieci ucz\u0119szczaj\u0105cych do instytucji opieki nad dzieci do lat 3, tj. \u017c\u0142obka, klubu dzieci\u0119cego albo dziennego opiekuna i przys\u0142uguje w wysoko\u015bci do 1500 z\u0142 miesi\u0119cznie na dziecko lub do 1900 z\u0142 miesi\u0119cznie na dziecko z niepe\u0142nosprawno\u015bci\u0105, jednak nie wi\u0119cej ni\u017c&nbsp;wysoko\u015b\u0107 op\u0142aty, jak\u0105 rodzic ponosi za pobyt dziecka w instytucji opieki.<\/li>\n\n\n\n<li>W przypadku nowego \u015bwiadczenia \u201eAktywnie w \u017c\u0142obku\u201d rodzic nadal uiszcza op\u0142at\u0119 za czesne (przynajmniej w kwocie, jaka obowi\u0105zywa\u0142a dotychczas).<\/li>\n\n\n\n<li>W momencie, kiedy wp\u0142ynie \u015bwiadczenie z ZUS&nbsp; (wyp\u0142ata nowego \u015bwiadczenia b\u0119dzie prawdopodobnie op\u00f3\u017aniona za pierwsze miesi\u0105ce) nast\u0105pi rozliczenie z rodzicem. \u015awiadczenie z programu \u201eAktywnie w \u017c\u0142obku\u201d &nbsp;zostanie zaliczone na poczet zaleg\u0142ych oraz przysz\u0142ych nale\u017cno\u015bci wobec Fundacji Pozytywne Inicjatywy.&nbsp;<\/li>\n\n\n\n<li>Ostateczne rozliczenie kwot z rodzicem nast\u0105pi po zako\u0144czeniu\/ wypowiedzeniu umowy.<\/li>\n\n\n\n<li>Rodzice, kt\u00f3rzy wypowiedz\u0105 b\u0105d\u017a zako\u0144cz\u0105 umow\u0119 sk\u0142adaj\u0105 wniosek o rozliczenie \u015bwiadczenia. Wz\u00f3r w za\u0142\u0105czeniu. Bardzo wa\u017cne, \u017ceby zwrot \u201enadp\u0142aconych\u201d \u015brodk\u00f3w by\u0142 na konto tego samego rodzica, kt\u00f3ry sk\u0142ada\u0142 wniosek do ZUS o \u015bwiadczenie \u201eAktywnie w \u017c\u0142obku\u201d i zawiera\u0142 z nami umow\u0119 o opiek\u0119 dziecka w \u017c\u0142obku.<\/li>\n<\/ol>\n\n\n\n<p class=\"has-medium-font-size\"><strong>Dokumenty do pobrania:<\/strong><\/p>\n\n\n\n<p class=\"has-medium-font-size\"><strong><a href=\"https:\/\/pz4.pozytywneinicjatywy.pl\/wp-content\/uploads\/2024\/10\/Oswiadcznie-z-danymi-do-swiadczenia-Aktywnie-w-zlobku.pdf\">O\u015bwiadczenie z danymi dziecka i rodzic\u00f3w<\/a><\/strong>&nbsp;\u2013 rodzice wype\u0142niaj\u0105 i podpisuj\u0105 jednorazowo,&nbsp; dane s\u0105 niezb\u0119dne do wype\u0142niania co miesi\u0105c list RKZ-5 w Rejestrze \u017c\u0142obk\u00f3w.<\/p>\n\n\n\n<p class=\"has-medium-font-size\"><strong><a href=\"https:\/\/pz4.pozytywneinicjatywy.pl\/wp-content\/uploads\/2024\/10\/oawiadczenierodzicadoprogramuaktywniewaaobkufpi.pdf\">O\u015bwiadczenie rodzica<\/a>,<\/strong>&nbsp;\u017ce \u015bwiadczenie b\u0119dzie zaliczane na poczet czesnego (zaleg\u0142e czesne oraz przysz\u0142e nale\u017cno\u015bci) \u2013 rodzice podpisuj\u0105 jednorazowo<\/p>\n\n\n\n<p class=\"has-medium-font-size\"><a href=\"https:\/\/pz4.pozytywneinicjatywy.pl\/wp-content\/uploads\/2024\/10\/Wniosek-rodzica-o-rozliczenie-nadp-aty-w-programu-Aktywnie-w-obku_FPI.pdf\"><strong>Wniosek rodzica o rozliczenie nadp\u0142aty<\/strong>&nbsp;<\/a>\u2013 w przypadku zako\u0144czenia umowy<\/p>\n\n\n\n<div data-wp-interactive=\"core\/file\" class=\"wp-block-file\"><object data-wp-bind--hidden=\"!state.hasPdfPreview\" hidden class=\"wp-block-file__embed\" data=\"https:\/\/pz8.pozytywneinicjatywy.pl\/wp-content\/uploads\/2024\/10\/Spotkanie-online-dot.-swiadczen-aktywnie-w-zlobku-i-aktywni-rodzice-w-pracy.pdf\" type=\"application\/pdf\" style=\"width:100%;height:600px\" aria-label=\"Osadzone z Spotkanie online dot. \u015bwiadcze\u0144 aktywnie w \u017c\u0142obku i aktywni rodzice w pracy.\"><\/object><a id=\"wp-block-file--media-a2172f78-f32b-4a1c-99f2-53d94cfe0133\" href=\"https:\/\/pz8.pozytywneinicjatywy.pl\/wp-content\/uploads\/2024\/10\/Spotkanie-online-dot.-swiadczen-aktywnie-w-zlobku-i-aktywni-rodzice-w-pracy.pdf\">Spotkanie online dot. \u015bwiadcze\u0144 aktywnie w \u017c\u0142obku i aktywni rodzice w pracy<\/a><a href=\"https:\/\/pz8.pozytywneinicjatywy.pl\/wp-content\/uploads\/2024\/10\/Spotkanie-online-dot.-swiadczen-aktywnie-w-zlobku-i-aktywni-rodzice-w-pracy.pdf\" class=\"wp-block-file__button wp-element-button\" download aria-describedby=\"wp-block-file--media-a2172f78-f32b-4a1c-99f2-53d94cfe0133\">Pobierz<\/a><\/div>\n","protected":false},"excerpt":{"rendered":"<p>USTAWA z dnia 15 maja 2024 r. o wspieraniu rodzic\u00f3w w aktywno\u015bci zawodowej oraz w wychowaniu dziecka \u2013 \u201eAktywny rodzic\u201dPOBIERZ Szanowni Rodzice, w zwi\u0105zku ze \u015bwiadczeniem \u201eAktywnie w \u017c\u0142obku\u201d poni\u017cej informacje dotycz\u0105ce nowego \u015bwiadczenia oraz zaktualizowane druki dokument\u00f3w do wype\u0142nienia kt\u00f3re nale\u017cy z\u0142o\u017cy\u0107 w sekretariacie \u017c\u0142obka. Dokumenty do pobrania: O\u015bwiadczenie z danymi dziecka i rodzic\u00f3w&nbsp;\u2013 [&hellip;]<\/p>\n","protected":false},"author":2,"featured_media":0,"parent":0,"menu_order":0,"comment_status":"closed","ping_status":"closed","template":"","meta":{"footnotes":""},"class_list":["post-227","page","type-page","status-publish","hentry"],"_links":{"self":[{"href":"https:\/\/pz8.pozytywneinicjatywy.pl\/index.php\/wp-json\/wp\/v2\/pages\/227","targetHints":{"allow":["GET"]}}],"collection":[{"href":"https:\/\/pz8.pozytywneinicjatywy.pl\/index.php\/wp-json\/wp\/v2\/pages"}],"about":[{"href":"https:\/\/pz8.pozytywneinicjatywy.pl\/index.php\/wp-json\/wp\/v2\/types\/page"}],"author":[{"embeddable":true,"href":"https:\/\/pz8.pozytywneinicjatywy.pl\/index.php\/wp-json\/wp\/v2\/users\/2"}],"replies":[{"embeddable":true,"href":"https:\/\/pz8.pozytywneinicjatywy.pl\/index.php\/wp-json\/wp\/v2\/comments?post=227"}],"version-history":[{"count":3,"href":"https:\/\/pz8.pozytywneinicjatywy.pl\/index.php\/wp-json\/wp\/v2\/pages\/227\/revisions"}],"predecessor-version":[{"id":230,"href":"https:\/\/pz8.pozytywneinicjatywy.pl\/index.php\/wp-json\/wp\/v2\/pages\/227\/revisions\/230"}],"wp:attachment":[{"href":"https:\/\/pz8.pozytywneinicjatywy.pl\/index.php\/wp-json\/wp\/v2\/media?parent=227"}],"curies":[{"name":"wp","href":"https:\/\/api.w.org\/{rel}","templated":true}]}}

Aktywnie w żłobku

<p></p>



<div class="wp-block-media-text is-stacked-on-mobile"><figure class="wp-block-media-text__media"><img loading="lazy" decoding="async" width="1024" height="552" src="https://pz8.pozytywneinicjatywy.pl/wp-content/uploads/2024/10/67d30061-fbd8-4976-8c66-9dd7e8c456b2-1024x552-1.png" alt="" class="wp-image-219 size-full" srcset="https://pz8.pozytywneinicjatywy.pl/wp-content/uploads/2024/10/67d30061-fbd8-4976-8c66-9dd7e8c456b2-1024x552-1.png 1024w, https://pz8.pozytywneinicjatywy.pl/wp-content/uploads/2024/10/67d30061-fbd8-4976-8c66-9dd7e8c456b2-1024x552-1-300x162.png 300w, https://pz8.pozytywneinicjatywy.pl/wp-content/uploads/2024/10/67d30061-fbd8-4976-8c66-9dd7e8c456b2-1024x552-1-768x414.png 768w" sizes="auto, (max-width: 1024px) 100vw, 1024px" /></figure><div class="wp-block-media-text__content">
<p class="has-text-align-center"><strong>USTAWA z dnia 15 maja 2024 r. o wspieraniu rodziców w aktywności zawodowej oraz w wychowaniu dziecka – „Aktywny rodzic”</strong><br><a href="https://pz4.pozytywneinicjatywy.pl/wp-content/uploads/2024/10/Ustawa-o-wspieraniu-rodzicow-w-aktywnosci-zawodowej-oraz-wychowaniu-dziecka-Aktywny-rodzic.pdf">POBIERZ</a></p>
</div></div>



<p>Szanowni Rodzice, w związku ze świadczeniem „Aktywnie w żłobku” poniżej informacje dotyczące nowego świadczenia oraz zaktualizowane druki dokumentów do wypełnienia które należy złożyć w sekretariacie żłobka.</p>



<ol class="wp-block-list">
<li>Na stronie ZUS znajdują się informacje dotyczące nowego świadczenia „Aktywnie w żłobku”.&nbsp;Link do strony:&nbsp;<a href="https://www.zus.pl/aktywnyrodzic/wiadczenie-aktywnie-w-zlobku">https://www.zus.pl/aktywnyrodzic/wiadczenie-aktywnie-w-zlobku</a>&nbsp;Są tam zawarte najważniejsze informacje komu przysługuje świadczenie, jaka jest jego wysokość i warunki otrzymania.</li>



<li>Wnioski do ZUS o świadczenie „Aktywnie w żłobku” można już składać (od 1 października 2024 r.), wyłącznie drogą elektroniczną.</li>



<li>Dla nowych rodziców – wniosek można złożyć najwcześniej w dniu, w którym dziecko zacznie uczęszczać do żłobka.</li>



<li>Istnieją cztery kanały przez które rodzice mogą składać wnioski: PUE ZUS,&nbsp;aplikacja mobilna mZUS, bankowość elektroniczna, portal Emp@tia.</li>



<li>Świadczenie&nbsp;„Aktywnie w żłobku” zastąpiło dotychczas funkcjonujące&nbsp;dofinansowanie obniżenia opłaty za&nbsp;pobyt dziecka w żłobku 400 +&nbsp;</li>



<li>Świadczenie „Aktywnie w żłobku” jest kierowane do rodziców dzieci uczęszczających do instytucji opieki nad dzieci do lat 3, tj. żłobka, klubu dziecięcego albo dziennego opiekuna i przysługuje w wysokości do 1500 zł miesięcznie na dziecko lub do 1900 zł miesięcznie na dziecko z niepełnosprawnością, jednak nie więcej niż&nbsp;wysokość opłaty, jaką rodzic ponosi za pobyt dziecka w instytucji opieki.</li>



<li>W przypadku nowego świadczenia „Aktywnie w żłobku” rodzic nadal uiszcza opłatę za czesne (przynajmniej w kwocie, jaka obowiązywała dotychczas).</li>



<li>W momencie, kiedy wpłynie świadczenie z ZUS&nbsp; (wypłata nowego świadczenia będzie prawdopodobnie opóźniona za pierwsze miesiące) nastąpi rozliczenie z rodzicem. Świadczenie z programu „Aktywnie w żłobku” &nbsp;zostanie zaliczone na poczet zaległych oraz przyszłych należności wobec Fundacji Pozytywne Inicjatywy.&nbsp;</li>



<li>Ostateczne rozliczenie kwot z rodzicem nastąpi po zakończeniu/ wypowiedzeniu umowy.</li>



<li>Rodzice, którzy wypowiedzą bądź zakończą umowę składają wniosek o rozliczenie świadczenia. Wzór w załączeniu. Bardzo ważne, żeby zwrot „nadpłaconych” środków był na konto tego samego rodzica, który składał wniosek do ZUS o świadczenie „Aktywnie w żłobku” i zawierał z nami umowę o opiekę dziecka w żłobku.</li>
</ol>



<p class="has-medium-font-size"><strong>Dokumenty do pobrania:</strong></p>



<p class="has-medium-font-size"><strong><a href="https://pz4.pozytywneinicjatywy.pl/wp-content/uploads/2024/10/Oswiadcznie-z-danymi-do-swiadczenia-Aktywnie-w-zlobku.pdf">Oświadczenie z danymi dziecka i rodziców</a></strong>&nbsp;– rodzice wypełniają i podpisują jednorazowo,&nbsp; dane są niezbędne do wypełniania co miesiąc list RKZ-5 w Rejestrze żłobków.</p>



<p class="has-medium-font-size"><strong><a href="https://pz4.pozytywneinicjatywy.pl/wp-content/uploads/2024/10/oawiadczenierodzicadoprogramuaktywniewaaobkufpi.pdf">Oświadczenie rodzica</a>,</strong>&nbsp;że świadczenie będzie zaliczane na poczet czesnego (zaległe czesne oraz przyszłe należności) – rodzice podpisują jednorazowo</p>



<p class="has-medium-font-size"><a href="https://pz4.pozytywneinicjatywy.pl/wp-content/uploads/2024/10/Wniosek-rodzica-o-rozliczenie-nadp-aty-w-programu-Aktywnie-w-obku_FPI.pdf"><strong>Wniosek rodzica o rozliczenie nadpłaty</strong>&nbsp;</a>– w przypadku zakończenia umowy</p>



<div data-wp-interactive="core/file" class="wp-block-file"><object data-wp-bind--hidden="!state.hasPdfPreview" hidden class="wp-block-file__embed" data="https://pz8.pozytywneinicjatywy.pl/wp-content/uploads/2024/10/Spotkanie-online-dot.-swiadczen-aktywnie-w-zlobku-i-aktywni-rodzice-w-pracy.pdf" type="application/pdf" style="width:100%;height:600px" aria-label="Osadzone z Spotkanie online dot. świadczeń aktywnie w żłobku i aktywni rodzice w pracy."></object><a id="wp-block-file--media-a2172f78-f32b-4a1c-99f2-53d94cfe0133" href="https://pz8.pozytywneinicjatywy.pl/wp-content/uploads/2024/10/Spotkanie-online-dot.-swiadczen-aktywnie-w-zlobku-i-aktywni-rodzice-w-pracy.pdf">Spotkanie online dot. świadczeń aktywnie w żłobku i aktywni rodzice w pracy</a><a href="https://pz8.pozytywneinicjatywy.pl/wp-content/uploads/2024/10/Spotkanie-online-dot.-swiadczen-aktywnie-w-zlobku-i-aktywni-rodzice-w-pracy.pdf" class="wp-block-file__button wp-element-button" download aria-describedby="wp-block-file--media-a2172f78-f32b-4a1c-99f2-53d94cfe0133">Pobierz</a></div>

<p>USTAWA z dnia 15 maja 2024 r. o wspieraniu rodziców w aktywności zawodowej oraz w wychowaniu dziecka – „Aktywny rodzic”POBIERZ Szanowni Rodzice, w związku ze świadczeniem „Aktywnie w żłobku” poniżej informacje dotyczące nowego świadczenia oraz zaktualizowane druki dokumentów do wypełnienia które należy złożyć w sekretariacie żłobka. Dokumenty do pobrania: Oświadczenie z danymi dziecka i rodziców&nbsp;– [&hellip;]</p>
